uppose y - 4*q = 19, -3*y + 93 = -6*q + 3*q. Is 16 a factor of y?
False
Suppose -5*c + 45 = 5*v, v + 2*v - 7 = -c. Suppose -c = -2*g - 4. Does 2 divide g?
False
Suppose 2 = 4*f - 10. Suppose -2*d - 5*s + 40 = 0, -4*s - 44 = -f*d + 39. Does 7 divide d?
False
Suppose 5*v = 5*k - 4*k + 30, 2*v - 39 = -5*k. Let b be (-12)/v*63/(-6). Suppose -2*m + b = -6. Does 7 divide m?
False
Suppose 0 = t + 2, -3*t + 53 = l - 0*l. Let q = l + -26. Is q a multiple of 24?
False
Let d = -37 + 54. Is d a multiple of 2?
False
Suppose 0 = -5*i + 2*i + 9. Suppose -i*p = 3*a - 13 - 5, -43 = -3*p + 2*a. Is p a multiple of 11?
True
Let v be 1 + (3 + 1 - 2). Let p = 1 - 1. Suppose 12 = 3*c - v*r, 4*c - 10 = -2*r - p. Is c a multiple of 3?
True
Let l = 31 - -31. Is 9 a factor of l?
False
Let j = -5 - -8. Let x(i) = -2*i**2 + i + 3. Let w be x(j). Is 0 + 2 - (w + -3) a multiple of 5?
False
Let c = -27 - -15. Let v = -13 + 6. Let p = v - c. Does 2 divide p?
False
Let x(d) = -4*d + 4. Let g be x(-6). Let n = g - 15. Is 11 a factor of n?
False
Let w be -1 - (-28 + -2 + 2). Suppose -m - 2*m = -w. Is 6 a factor of m?
False
Suppose 3*a - 90 = -b + 58, 4*a = 5*b + 229. Suppose j - 17 = a. Is 26 a factor of j?
False
Suppose -4*v + 0*u + 29 = -u, 4*v - 34 = 2*u. Is 10 a factor of (6/8)/(v/216)?
False
Let z(n) = -4*n + 1. Let t be z(-2). Let v(b) = -b + 14. Let g be v(t). Let c(m) = 2*m - 4. Is c(g) a multiple of 4?
False
Let p(n) = n + 11. Let j be p(-15). Is (-54)/j - (-12)/(-8) a multiple of 12?
True
Let w = 29 - 21. Let g be (-1)/4 + 410/w. Suppose 0*k + 3*k = 4*b - 111, 0 = 2*b - 3*k - g. Is b a multiple of 15?
True
Let i(v) be the third derivative of v**6/40 - v**5/15 + v**4/8 - 2*v**3/3 - 3*v**2. Does 17 divide i(3)?
False
Let v be -350*(3 + (-14)/4). Suppose 10*i - v = 5*i. Is 7 a factor of i?
True
Let d = 5 + -2. Suppose -6*o + 6 = -3*o + 4*c, -17 = 4*o - d*c. Is 7 a factor of 9 + o/(-2) + -2?
False
Let n be 0 - (-3 - (-2 + -2)). Let h(q) = 59*q**2 - 2*q - 1. Let d be h(n). Suppose 0 = -4*v + d - 12. Does 6 divide v?
True
Suppose -2*w - 2*c = -5 + 1, -5*c = -2*w - 31. Let h(f) = f**2 + 4*f + 4. Let z be h(w). Let m(o) = 37*o**3 + o**2 - 2*o + 1. Does 17 divide m(z)?
False
Let c(h) = h**2 - 7*h + 7. Let i be c(5). Is (0 - 2 - i)*7 a multiple of 7?
True
Let q = -130 + 208. Suppose -2*i = i - q. Is i a multiple of 13?
True
Suppose -p + 6*p = 55. Suppose -22 = -a - 3*w, -3*a + 25 = 3*w - p. Does 5 divide a?
False
Suppose 5*a - 896 = -4*o, -a + 2*o = -4*a + 538. Is a a multiple of 20?
True
Let u = 37 - -43. Is u a multiple of 20?
True
Let f be -1 - (0 + -2) - -7. Suppose -2*i - 12 = f. Let h = i - -22. Does 12 divide h?
True
Suppose 4*t - 51 = -2*c + 79, -170 = -5*t - 5*c. Let i = t - -11. Is 14 a factor of i?
True
Let m be (0 - -7)/((-3)/(-6)). Suppose m = -2*p + 3*p. Is p a multiple of 7?
True
Suppose -2*y = 4, -6*p + 523 = -p - 4*y. Does 9 divide p?
False
Suppose -4*h - 3*g = -292, h = 6*h + g - 354. Let t = -44 + h. Does 26 divide t?
True
Suppose -3*c + 5*q - 3 - 19 = 0, 0 = -5*c - q + 10. Let b(j) = -c + 1 - 3 + 1 - j**2 - 8*j. Is b(-4) a multiple of 14?
True
Let p(m) = m + 8. Let z be p(6). Let s(a) = a**2 - 10*a - 11. Is s(z) a multiple of 15?
True
Let g be 1/2 + 37/(-2). Does 11 divide 2/9 - 590/g?
True
Let x(d) = -d**3 - 10*d**2 - 14*d + 7. Let l be x(-9). Suppose -l - 32 = -3*f. Is 14 a factor of f?
True
Let b(u) = -143*u - 3. Is b(-1) a multiple of 10?
True
Let s be 2/4 + (-26)/4. Suppose 0 = -3*c + 8 - 2. Does 9 divide (-3)/c*100/s?
False
Let l = -31 - -33. Let a = -13 + 36. Suppose -l*u - a + 77 = 0. Is u a multiple of 10?
False
Suppose -5*l + 184 = 4*o, 5*l - 2*o = -62 + 240. Is 9 a factor of l?
True
Suppose -4*y - 12 + 36 = 0. Suppose -5*m = 2*i - y*i - 138, -3*m + 93 = i. Is m a multiple of 8?
False
Suppose 0 = m - 2*m - 9. Is 16 a factor of 24/m*-3*4?
True
Suppose 4*f + 4 = -0. Does 30 divide (60/(1 + -2))/f?
True
Let c be 22 + 0/1 - -3. Let i = c + -14. Is 7 a factor of i?
False
Suppose -2*w = 5*z - 0*z - 23, -z + 35 = 2*w. Suppose -1 = -m + w. Is 10 a factor of m?
True
Suppose -2*n + 0*n = -138. Suppose -3*v + n = 3*r, 0 = -7*r + 2*r + v + 121. Does 11 divide (11/(-4))/((-3)/r)?
True
Suppose 1 = m + 5. Let z be (m/6)/(3/(-18)). Suppose 0 = z*t + 13 - 125. Is 9 a factor of t?
False
Let n be (-173)/(-3) - 2/(-6). Suppose 0 = 4*v - 6*v + n. Suppose -v = -2*u + 27. Is u a multiple of 17?
False
Let r(h) = 6*h**2 + 2*h + 3. Let m(w) = -3*w - 4. Let i be m(-3). Let z(s) = 5*s**2 + 2*s + 2. Let j(a) = i*z(a) - 4*r(a). Does 13 divide j(-5)?
True
Suppose 3*o + 0*o - k - 403 = 0, -4*k - 524 = -4*o. Does 8 divide o?
True
Let q(d) = -d. Let t be q(4). Is (3/2)/((-2)/t) a multiple of 2?
False
Let k(p) = -22*p - 2 - 9 + 12. Is 13 a factor of k(-2)?
False
Let h(p) = -2*p**3 - p**2 + 1. Let t be h(-1). Let o be (1 - -3)/(t/2). Suppose 2*a + 4*q - 12 = q, 4*a - 28 = -o*q. Does 9 divide a?
True
Suppose -p + 462 = 5*p. Is p a multiple of 17?
False
Let b be (-1 + 0/(-2))*-6. Let j be (6/9)/(1/21). Suppose -5*v = -b - j. Does 3 divide v?
False
Suppose -5*g - 5*v + 3*v = -28, 2*g + 3*v - 20 = 0. Suppose 28 = -2*y - g. Let t = -8 - y. Is t a multiple of 3?
False
Let m(i) = 21*i**2 + 2*i + 5. Is 31 a factor of m(2)?
True
Let s(m) = -48*m. Let n be s(-1). Let p = 26 + 1. Let y = n - p. Is 21 a factor of y?
True
Let r be ((-6)/4)/(1/(-42)). Let w be 4/((-60)/r)*-5. Let i = w + -7. Does 7 divide i?
True
Suppose -404 = -5*y + 66. Is y a multiple of 21?
False
Let v(l) = -l**2 - 14*l - 10. Is v(-8) a multiple of 19?
True
Suppose 73 = 4*z + y - 4*y, 0 = -5*y - 15. Let x be z/(-12)*6/(-2). Suppose 3*k - x = -5*h + 93, 0 = 2*k - 8. Is h a multiple of 11?
False
Let i(k) = k**3 + 4*k**2 + 3*k + 4. Suppose p = 3*m + 8 + 1, -3*m - 2*p = 9. Does 2 divide i(m)?
True
Suppose 0 = -5*m - 4*r + 1885, 7*r = 4*r + 15. Is 18 a factor of m?
False
Let y = -5 - -8. Suppose q - 28 = -y*q. Is q a multiple of 2?
False
Suppose 3*l + 3*c - 18 = 0, 2*c - 7 - 3 = -l. Suppose 5*u - 5*p - 65 = -0*u, 0 = -p - l. Is 10 a factor of u?
False
Is 4 a factor of (-3 + 1)*(-22 + 18)?
True
Suppose -3*x + 7*x - 12 = 0. Suppose 28 = x*y - y. Suppose 4*c + 5*a - 4*a - 3 = 0, -3*c - 4*a - y = 0. Is 2 a factor of c?
True
Suppose 94 = j + 4*q - 2*q, -3*q - 509 = -5*j. Does 10 divide j?
True
Let p be -6*30/(-1)*2. Suppose p = v + 4*v. Suppose 12 = -2*c + v. Is c a multiple of 15?
True
Let q = -255 - -383. Is 21 a factor of q?
False
Let u be -22*3/((-6)/2). Suppose 0 = n + 2*z - u, -5 = -n + 3*z + 2. Is n a multiple of 4?
True
Suppose 2*c = 3*c - 111. Suppose w - c = 5*i, 3*i + 4 = -2*w - 60. Is 13 a factor of (i/3)/(2/(-9))?
False
Let p(l) be the second derivative of -l**3/2 + 5*l**2/2 - 3*l. Is p(-8) a multiple of 15?
False
Suppose -3*l + 7 = -f + 2*f, 4*f = 5*l + 62. Suppose 2*x = 63 - f. Let d = 9 + x. Does 17 divide d?
True
Let t = 25 - 19. Let f(b) be the first derivative of b**3/3 - b**2 - 3*b + 1. Is 9 a factor of f(t)?
False
Let r(s) = -s**2 - 5*s + 6. Let b be r(-6). Let v be (-1)/(-3)*b/(-2). Suppose v*z + 4*l - 74 = -2*z, 113 = 4*z + l. Is 21 a factor of z?
False
Suppose -1 = -u + c, 0 = -u - 5*c + 22 + 9. Let v be u - 3*6/9. Suppose -r = z - 13, -v*z + 24 = r + r. Is r a multiple of 7?
True
Let w = -46 + 84. Let q be w/14 + 4/14. Suppose -4*t - 4*p = -200, -5*t + 2*p + q*p = -270. Does 15 divide t?
False
Suppose 3*g - 4*g = -3*n + 1, 49 = -4*g + 3*n. Suppose -59 - 49 = 12*t. Let y = t - g. Does 2 divide y?
False
Suppose -2*q - 4 = -3*n - 0*n, -5*q - 10 = 0. Suppose n = -4*c + 100 - 4. Does 12 divide c?
True
Let o(w) = -7*w**2 - 18*w - 1. Let m(l) = -3*l**2 - 9*l - 1. Let q(b) = 9*m(b) - 4*o(b). Is q(10) a multiple of 3?
False
Let s = 134 - 198. Suppose -4*z = -p - 38 - 11, 50 = -p + 5*z. Let q = p - s. Is 7 a factor of q?
False
Suppose -4*d = k - 9*d - 250, 0 = -k - 2*d + 236. Is k a multiple of 10?
True
Suppose -5*u = -8*u + 591. Is u a multiple of 13?
False
Let y = 80 + -31. Let s = y - 23. Does 10 divide s?
False
Let y be (-3 + 2)/(-1) - 74. Let i = 121 + y. Is i a multiple of 24?
True
Let r(y) = 4*y**2 - y. Let v be r(1). Suppose -2*j = -v*j + 9. Does 4 divide j?
False
Let r(h) = -23*h**3 + 4*h**2 + 2*h - 1. Is 39 a factor of r(-2)?
True
Suppose 7 = 2*b + 3. Suppose b*z + 5*a - 8 - 6 = 0, -a = 0. Let p(t) = t**3 - 